factor of 6675 and 250001?
89
What is the greatest common divisor of 203167 and 2109?
703
Calculate the greatest common factor of 13504 and 107399.
211
Calculate the greatest common factor of 135057 and 312.
39
Calculate the greatest common divisor of 17777 and 493.
29
Calculate the greatest common divisor of 17118 and 648.
54
Calculate the highest common factor of 80 and 43832.
8
Calculate the highest common divisor of 488982 and 12.
6
What is the greatest common factor of 968 and 29326?
22
Calculate the greatest common divisor of 15753 and 4272.
267
What is the greatest common divisor of 431262 and 5814?
342
Calculate the greatest common factor of 311 and 33277.
311
Calculate the highest common divisor of 209521 and 71.
71
Calculate the highest common factor of 11519083 and 239.
239
Calculate the highest common divisor of 352 and 1937408.
352
Calculate the highest common factor of 27 and 3029211.
27
What is the highest common factor of 1064 and 10906?
266
What is the highest common divisor of 793 and 861198?
793
Calculate the highest common factor of 168 and 460968.
24
What is the highest common factor of 6188 and 1156?
68
What is the highest common factor of 6260 and 8?
4
What is the highest common factor of 118960 and 560?
80
Calculate the highest common divisor of 26 and 6019.
13
What is the greatest common factor of 24729 and 135?
3
What is the greatest common factor of 15 and 11796060?
15
Calculate the greatest common factor of 595 and 118881.
119
What is the greatest common divisor of 5418 and 78?
6
Calculate the highest common divisor of 456 and 2004.
12
Calculate the highest common factor of 39410 and 28.
14
What is the greatest common divisor of 70465 and 85?
85
Calculate the greatest common divisor of 1363 and 215093.
29
What is the greatest common factor of 35925 and 325?
25
What is the highest common factor of 9581 and 697202?
737
What is the greatest common factor of 372875 and 25?
25
Calculate the highest common divisor of 13620 and 1500.
60
Calculate the greatest common divisor of 558 and 4914.
18
What is the greatest common factor of 970 and 490?
10
What is the greatest common factor of 8772 and 12?
12
Calculate the greatest common factor of 12720 and 45.
15
Calculate the greatest common divisor of 528 and 25278.
66
What is the greatest common factor of 47145 and 840?
105
Calculate the highest common factor of 3810 and 570.
30
What is the highest common factor of 669 and 3?
3
What is the highest common divisor of 9 and 7217694?
9
What is the highest common factor of 55 and 64770?
5
Calculate the greatest common factor of 141480 and 200.
40
What is the highest common divisor of 75345 and 15?
15
What is the greatest common divisor of 22729 and 83895?
119
Calculate the greatest common factor of 6088 and 10.
2
What is the greatest common divisor of 6 and 33384?
6
What is the highest common factor of 71502 and 969?
51
Calculate the highest common divisor of 38649 and 195.
39
Calculate the highest common factor of 6655 and 445.
5
Calculate the greatest common factor of 3745710 and 540.
270
Calculate the greatest common factor of 288 and 8424.
72
Calculate the highest common divisor of 92124 and 864.
108
What is the greatest common factor of 90060 and 12?
12
Calculate the greatest common divisor of 7696 and 81696.
592
What is the greatest common divisor of 3951 and 162?
9
What is the greatest common divisor of 112 and 2919?
7
What is the greatest common factor of 23850 and 1350?
450
Calculate the highest common divisor of 27252 and 54.
18
What is the greatest common factor of 17496 and 1566?
54
Calculate the greatest common factor of 244 and 6092131.
61
What is the greatest common factor of 719 and 168965?
719
What is the greatest common factor of 484 and 13684?
44
What is the highest common factor of 3228761 and 1234?
617
What is the greatest common factor of 148 and 279202?
74
Calculate the greatest common factor of 621 and 179937.
9
Calculate the highest common divisor of 725 and 85650.
25
Calculate the greatest common divisor of 42435 and 230.
115
Calculate the greatest common divisor of 716 and 1138798.
358
What is the highest common divisor of 107 and 75007?
107
Calculate the highest common divisor of 62587 and 7.
7
What is the greatest common divisor of 180780 and 55200?
1380
What is the highest common divisor of 2559 and 485357?
853
Calculate the greatest common factor of 17980 and 1160.
580
What is the highest common factor of 4631 and 13618?
11
Calculate the greatest common factor of 31717 and 12719.
161
Calculate the greatest common divisor of 10208 and 19552.
32
What is the highest common factor of 6016 and 2491?
47
Calculate the highest common factor of 18396 and 2117.
73
What is the greatest common factor of 7736 and 32?
8
Calculate the highest common divisor of 26144 and 774.
86
Calculate the greatest common factor of 14659 and 9864.
137
Calculate the highest common factor of 490 and 3178.
14
What is the greatest common divisor of 33894 and 882?
126
What is the greatest common divisor of 736 and 34?
2
What is the highest common factor of 113 and 160799?
113
Calculate the highest common factor of 462 and 314490.
66
Calculate the greatest common factor of 381007 and 44.
11
What is the greatest common divisor of 514 and 13428764?
514
Calculate the greatest common divisor of 20 and 2635330.
10
What is the greatest common factor of 315 and 2055?
15
What is the greatest common divisor of 517325 and 325?
25
Calculate the greatest common factor of 116 and 3596.
116
Calculate the greatest common factor of 605952 and 208.
16
What is the highest common factor of 107784 and 4104?
216
What is the greatest common divisor of 20 and 10315?
5
Calculate the greatest common factor of 54991 and 433.
433
What is the highest common divisor of 765432 and 432?
72
What is the greatest common divisor of 239634 and 18?
18
What is the greatest common factor of 32 and 1902?
2
Calculate the highest common factor of 525 and 33495.
105
What is the greatest common divisor of 41128 and 8536?
776
What is the greatest common factor of 8861736 and 39?
39
What is the highest common factor of 660 and 377652?
132
Calculate the highest common divisor of 9668 and 16.
4
What is the highest common factor of 91028 and 700?
28
What is the highest common divisor of 22815 and 3159?
351
Calculate the greatest common factor of 513 and 5073.
57
Calculate the highest common divisor of 143 and 91949.
143
Calculate the greatest common divisor of 35713 and 65390.
503
Calculate the highest common factor of 130658 and 88.
22
What is the greatest common divisor of 148168 and 64?
8
What is the greatest common divisor of 384 and 71772?
12
What is the highest common factor of 48 and 318704?
16
What is the highest common factor of 12475 and 125?
25
What is the highest common factor of 170 and 24038?
34
What is the highest common factor of 2360 and 1640?
40
What is the highest common divisor of 4945 and 10?
5
Calculate the highest common divisor of 3372 and 388623.
843
Calculate the highest common factor of 112306 and 1446.
482
Calculate the highest common divisor of 65645 and 5.
5
What is the greatest common factor of 387701 and 461?
461
What is the highest common divisor of 1792486 and 141?
47
What is the highest common divisor of 7618 and 713162?
586
Calculate the highest common factor of 1216 and 3002.
38
What is the highest common factor of 1591 and 8796639?
1591
What is the greatest common divisor of 1656 and 89516?
92
What is the highest common divisor of 222 and 814?
74
What is the highest common divisor of 77094 and 576?
18
Calculate the highest common divisor of 15961 and 22.
11
Calculate the highest common factor of 7584 and 304.
16
What is the greatest common divisor of 619299 and 27?
27
Calculate the greatest common factor of 448 and 31680.
64
Calculate the greatest common divisor of 1276 and 6556.
44
What is the highest common factor of 2737498 and 1878?
626
What is the greatest common factor of 5523 and 84?
21
Calculate the greatest common factor of 20227 and 1253.
179
What is the highest common divisor of 295 and 130980?
295
Calculate the greatest common divisor of 292876 and 2596.
236
Calculate the greatest common divisor of 217 and 854.
7
Calculate the grea